he units digit of d?
8
Let a = 18 + -7. Suppose 2*r = r + 5*h + 23, r - 2*h - a = 0. What is the units digit of r?
3
Let d(s) = -s**2 - 6*s - 3. Let j be d(-4). Suppose 50 + 40 = j*c. What is the units digit of c?
8
Suppose 0 = 3*h - 0*z - 2*z - 516, 5*h = 3*z + 859. What is the hundreds digit of h?
1
Let p(z) = -12*z - 4. What is the tens digit of p(-12)?
4
Let r(m) be the second derivative of m**4/12 + m**2/2 + 2*m. Let b be r(1). Suppose b*a = -2*i - 0*a + 8, 2*a = i - 16. What is the units digit of i?
8
Let s = 5 - 2. Suppose -4*t + 11 = -s*t. What is the units digit of t?
1
Suppose -6*l + 20 = -l. Suppose 5*n + 35 = 4*g, -5*n + 47 - 2 = l*g. What is the units digit of g?
0
Let u = -161 - -302. What is the tens digit of u?
4
Let o(g) = -38*g. What is the tens digit of o(-2)?
7
Suppose 3*s - 38 = -5*k + 32, k = -3*s + 50. What is the tens digit of s?
1
Suppose -1 - 1 = 2*x. What is the units digit of x*-2*(-15)/(-6)?
5
Suppose 0 = -8*u + 309 - 117. Suppose p + 0 = 2. Suppose 0 = -6*d + p*d + u. What is the units digit of d?
6
Let p(r) = r**3 - 3*r**2 - 3*r + 3. Suppose 5*l = b + 6, 4*l - 3*b + 3 + 1 = 0. Let m(j) = j + 2. Let a be m(l). What is the units digit of p(a)?
7
Let z = -76 - -113. What is the units digit of z?
7
Suppose -r + 50 = r. Suppose 3*u - r - 20 = 0. What is the units digit of u?
5
Suppose -q - 4*x + 15 = 0, 5*x - 2 = 3*q - 47. Suppose 3*o = 102 + q. What is the tens digit of o?
3
Suppose 0 = -5*g + 3*c + 49, 2*g + 2*g - 3*c - 41 = 0. Let v = 9 - g. What is the units digit of v?
1
Let a(s) = s + 9. Let b be a(-5). Suppose 0 = o - b - 0. What is the units digit of o?
4
What is the units digit of (-25)/(-2) + (-3)/2?
1
Let w(y) = -y**2 - 5*y - 2. Let a be w(-3). Suppose -2*s = -5*k + a + 9, 0 = -5*s + 2*k - 85. Let p = 34 + s. What is the units digit of p?
5
Suppose 2*s - 28 = 16. What is the tens digit of s?
2
Suppose 3*x - 8*x + 165 = 5*v, 0 = -5*x - 3*v + 155. Suppose -u = -5*u - x. What is the units digit of u/(-9) + (-6)/(-27)?
1
Suppose 3*x = 3*p - 21, p + 2 = 3*p - 5*x. What is the tens digit of p?
1
Suppose -2*q + 0*q = 2*z + 2, 13 = 3*q - z. Suppose q*h = p - 34, -3*p + 4*h = -56 - 26. What is the units digit of p?
2
Let c(x) = 4*x**2 - 4*x + 2. Suppose -2*l - 5*r - 6 = 0, 3*l - 16 = -l - 3*r. Suppose 18 = 3*b - 4*z, l*z + 11 = -2*b + 2*z. What is the tens digit of c(b)?
1
Suppose -z = 5*h - 189, -2*z = 2*h - z - 78. What is the tens digit of h?
3
Let u(o) = -o**3 + 3*o**2 - 3*o + 2. Let a be u(2). What is the tens digit of 4 + a/2 + 16?
2
What is the tens digit of (-24)/(-42) + 269/7?
3
Let i be -19 - (-3 - (0 - 0)). Let b = i + 36. What is the tens digit of b?
2
Let l be (-2 - 1) + 1 + 46. Let g = 14 + -11. Suppose -2*z + 18 = -4*y - 6, -2*y = -g*z + l. What is the tens digit of z?
1
Let r(a) be the first derivative of a**3/3 + 7*a**2/2 + 10*a - 3. What is the tens digit of r(-7)?
1
Suppose -2*g - 13 + 15 = 0. What is the units digit of g?
1
Let h(j) be the second derivative of j**5/20 - 5*j**4/6 + 11*j**3/6 - 11*j**2/2 + 8*j. What is the units digit of h(9)?
7
Let u be (-26)/(2*-1) + 2. Suppose 0*t + u = 5*t. What is the units digit of t?
3
Let s(o) = -64*o**2 + 3*o - 2. Let v be s(-2). What is the tens digit of ((-1)/2)/(11/v)?
1
What is the hundreds digit of 1 - 0 - 7/(-7) - -241?
2
Suppose -3*r + 1 = 2*j, 2*j + 5*r + 4 + 1 = 0. Suppose -j*x = 2*b - 7, 5 = 2*x + 3*b - 0. What is the units digit of x?
1
Let a(p) = -p**2 - 8*p + 8. Suppose 2*l + 1 = -15. What is the units digit of a(l)?
8
Suppose 0 = -v - 21 - 2. Let u = -5 + 44. Let l = v + u. What is the units digit of l?
6
Suppose 0 = k - 196 - 120. Let h be k/28 - 4/14. Suppose -h = -4*f + 29. What is the tens digit of f?
1
Suppose 0*b - 3*b = -4*i, -2*i + 3*b = 0. Suppose i = -8*w + 3*w + 55. What is the units digit of w?
1
Let q(t) = 10*t - 12. Let z(y) = 2*y - 8. Let w be z(7). What is the tens digit of q(w)?
4
Let h be 2/(-5) - (-34)/10. Suppose 0 = 3*s - 8*s + h*a + 17, -13 = -4*s + 3*a. Suppose -3*n + 5 = -y, -s*y - 6 = 3*n - n. What is the units digit of n?
1
Suppose 8*g = 5*g + 921. What is the hundreds digit of g?
3
Let i = -3 + 3. Suppose 3*f - 38 - 31 = i. What is the tens digit of f?
2
Suppose 4*t - 375 = -t. Suppose 3*s - 6*s = -t. What is the units digit of s?
5
Suppose 2*d - 187 = -5*s + 5*d, 2*s + 5*d = 50. Let g = -20 + s. What is the units digit of g?
5
Let w(i) = 4*i + 6. Let v be w(8). Suppose 4*j + 38 = 5*n - 66, -2*j + v = 2*n. What is the tens digit of n?
2
Suppose 5*h = 2*n + 154, 3*h + n - 4*n - 96 = 0. Suppose -h = -s + 4*y, -35 = -3*s + s + 3*y. What is the units digit of s?
0
Let u(f) = -f**2 + 1. Let q(p) = -p**3 + 9*p**2 - 6*p - 4. Let z(m) = -q(m) - 4*u(m). What is the units digit of z(4)?
8
Suppose -n + 4*m = -3, 2 = 3*n - 5*m - 7. What is the tens digit of 52/n - (-2)/3?
1
Let x = -4 + 4. Suppose -2*g + 3*g - 4 = x. Suppose -3*k - 23 = -6*k - m, 4*m + 52 = g*k. What is the units digit of k?
9
Let q(x) = x + 2. Let k be q(-2). Suppose -4*l + l + 63 = k. What is the units digit of l?
1
What is the tens digit of (-67 + (-20)/5)/(-1)?
7
Let t = 5 + 0. Suppose -t*w - 20 = -5*g, -2*w - 2*w + 3*g = 11. What is the units digit of w?
1
What is the units digit of (-9)/(-12)*(-92)/(-1)?
9
Let t = 86 + 54. What is the hundreds digit of t?
1
Suppose 5*h = 10, 0 = -l - 0*l + h + 3. Suppose -3*v = 2*d - 20, l*d - 8 = 3*d. Suppose 2*z - 4*c - 56 = -6, 3*z - v*c = 69. What is the units digit of z?
9
Suppose -4*m + 2*m - 344 = -4*y, -2*y - 4*m = -172. What is the tens digit of y?
8
Suppose 2*r - 222 = 20. What is the units digit of r?
1
Suppose 48 = o - 3*o - 3*p, -3*o = -4*p + 55. Let f be (-70)/o + 1/(-3). Suppose f*u = 2*a + 2*u - 12, -u = a - 6. What is the units digit of a?
6
What is the units digit of (-4)/(-16) + 406/8?
1
Let y(v) = v**2 + 5*v + 6. Let t be y(-5). Let n(h) be the first derivative of -h**4/4 + 7*h**3/3 - 2*h**2 - 5*h - 2. What is the units digit of n(t)?
7
Let l(s) = -s**3 + 12*s**2 - s - 24. What is the tens digit of l(11)?
8
Let q(j) = 3*j + 9. What is the units digit of q(14)?
1
Let y(q) = -q**2 + 1. Let a = 3 - 3. What is the units digit of y(a)?
1
Let y be 2 + (1 - -1) + -3. What is the units digit of (-2)/(y*8/(-60))?
5
Let p(x) = -x + 1. Suppose -4*s = 3 + 1. Let t(z) = 2*z - 12. Let w(c) = s*p(c) - t(c). What is the units digit of w(6)?
5
Suppose -4*j = -i + 30, -4*i + 46 = 4*j - 14. Suppose 0 = -2*f - 0*m + 4*m + 6, 0 = 4*f - 4*m + 4. Let r = i + f. What is the tens digit of r?
1
Suppose h + 4*f = -2*h + 20, -f - 6 = -2*h. Let y be (-12)/(-8)*-2 + 3. Suppose 4*l + y*q - 60 = -h*q, -q - 7 = -l. What is the tens digit of l?
1
Let m be 9/2*(2 + -4). Let c be (2/(-2))/(3/m). Let d(t) = 2*t**2 - 4*t. What is the units digit of d(c)?
6
Let h(w) = w**2 + 8*w + 2. Let y be h(-8). Suppose -45 = -y*d + m + 35, 0 = -3*m + 6. What is the tens digit of d?
4
What is the tens digit of (9 - 2) + 184 + (0 - -1)?
9
Let x be 6/36 + (-771)/(-18). Suppose -2*w + x + 17 = 0. What is the units digit of w?
0
Let r be ((-230)/(-15))/(4/6). What is the units digit of r/5 - 6/(-15)?
5
Let i = 2 + -6. Suppose -4*o + h - 48 = 3*h, 2*o + 24 = -3*h. What is the units digit of ((-5)/i)/((-3)/o)?
5
Let p(o) = o**3 - 10*o**2 + 8*o + 11. Let f be p(9). Suppose f*m = -m + 36. Suppose 0 = 3*z - m, -z = -4*x + z + 8. What is the units digit of x?
4
Suppose 7*y + 3 = 4*y, y = -4*m + 579. Suppose -5*l + 3*p + 0 = -m, -3*p - 15 = 0. What is the units digit of l?
6
Let t(q) = -2*q - 9. Let s be t(7). Let c = s + 13. Let n = c + 19. What is the units digit of n?
9
Suppose 0*r + 9 = 3*r. Let p = 24 + r. What is the units digit of p?
7
What is the units digit of (-2*1 - 0)*497/(-14)?
1
Let m be ((-6)/5)/((-10)/25). Suppose -m*p = -p + 4. What is the units digit of ((-36)/(-8))/((-1)/p)?
9
Let n be ((-198)/10)/((-1)/5). What is the units digit of (-6)/(-21) + n/21?
5
Let t(i) = -i**2 - 4. Let v be t(-4). What is the tens digit of (10/v)/((-1)/30)?
1
Let i = -17 - -27. What is the units digit of i?
0
Let x(w) = w**2 - 8*w - 5. Let y be x(9). Suppose 5*f = 5, 8 = o + 3*o - y*f. Let h = o + -2. What is the units digit of h?
1
Let g(m) = -m. Let n be g(-2). Let j be (0 + n)/(3/6). Suppose -i = -4*k, 5*i + k - 34 = j*k. What is the units digit of i?
8
Suppos